{"id":7,"date":"2022-09-13T08:24:54","date_gmt":"2022-09-13T08:24:54","guid":{"rendered":"https:\/\/oemg-tagung-2023.at\/?page_id=7"},"modified":"2023-09-17T20:12:34","modified_gmt":"2023-09-17T20:12:34","slug":"gestalte-deine-website-mit-bloecken","status":"publish","type":"page","link":"https:\/\/oemg-tagung-2023.at\/","title":{"rendered":"Home"},"content":{"rendered":"\n<div class=\"wp-block-columns is-layout-flex wp-container-3 wp-block-columns-is-layout-flex\">\n<div class=\"wp-block-column is-layout-flow wp-block-column-is-layout-flow\"><\/div>\n<\/div>\n\n\n\n<h2 class=\"wp-block-heading alignwide has-text-align-wide has-gigantic-font-size\" style=\"line-height:1.1\">\u00d6MG Meeting 2023 Graz, September 18-22, 2023<\/h2>\n\n\n\n<div class=\"wp-block-columns alignwide are-vertically-aligned-center is-style-twentytwentyone-columns-overlap is-layout-flex wp-container-5 wp-block-columns-is-layout-flex\">\n<div class=\"wp-block-column is-vertically-aligned-center is-layout-flow wp-block-column-is-layout-flow\"><\/div>\n<\/div>\n\n\n\n<div class=\"wp-block-columns alignwide are-vertically-aligned-top is-layout-flex wp-container-7 wp-block-columns-is-layout-flex\">\n<div class=\"wp-block-column is-layout-flow wp-block-column-is-layout-flow\">\n<p>The biennial meeting of the Austrian Mathematical Society will be jointly organized by Karl-Franzens-University (KFU) and Graz University of Technology (TUG) in 2023. The venue of the meeting will be KFU.<\/p>\n\n\n\n<p>On Friday 22 September, the \u00d6MG Teachers&#8217; Day will be held as part of the conference.&nbsp;<\/p>\n\n\n\n<h2 class=\"wp-block-heading\">Plenary talks<\/h2>\n\n\n\n<ul>\n<li>Hansj\u00f6rg Albrecher (Univ. Lausanne) <\/li>\n\n\n\n<li>Mathias Beiglb\u00f6ck (Univ. Wien)<\/li>\n\n\n\n<li>Andreas B\u00fcchter (Univ. Duisburg-Essen)<\/li>\n\n\n\n<li>Martin Hairer (EPFL)<\/li>\n\n\n\n<li>Robert Scheichl (Univ. Heidelberg) <\/li>\n\n\n\n<li>Oliver Roche-Newton (Univ. Linz) <\/li>\n\n\n\n<li>Sandra M\u00fcller (TU Wien)<\/li>\n\n\n\n<li>Angkana R\u00fcland (Univ. Bonn) <\/li>\n\n\n\n<li>Lisa Sauermann (Univ. Bonn)<\/li>\n\n\n\n<li>Damaris Schindler (Univ. G\u00f6ttingen) <\/li>\n\n\n\n<li>Karin Schnass (Univ. Innsbruck) <\/li>\n\n\n\n<li>Elisabeth Werner (CWRU, Cleveland) <\/li>\n\n\n\n<li>Daniel Smertnig (KFU Graz)<\/li>\n<\/ul>\n\n\n\n<h2 class=\"wp-block-heading\">Public lecture<\/h2>\n\n\n\n<ul>\n<li>Philipp Grohs (Univ. Wien)<\/li>\n<\/ul>\n\n\n\n<h2 class=\"wp-block-heading\">Mini symposia<\/h2>\n\n\n\n<ul>\n<li>Additive Combinatorics (A. Geroldinger, W. A. Schmid)<\/li>\n\n\n\n<li>Computational Topology and Geometry (M. Kerber, O. Aichholzer, B. Vogtenhuber)&nbsp;<\/li>\n\n\n\n<li>Stochastic Mass Transport (G. Pammer, M. Beiglb\u00f6ck)&nbsp;<\/li>\n\n\n\n<li>Inverse Problems in Imaging (M. Holler, K. Bredies)&nbsp;<\/li>\n\n\n\n<li>Versicherungs- und Finanzmathematik (S. Thonhauser)&nbsp;<\/li>\n\n\n\n<li>Lehrerinnen- und Lehrertag (C. Dorner, C. Krause)&nbsp;<\/li>\n\n\n\n<li>High-Dimensional Approximation (M. Ullrich, D. Krieg)&nbsp;<\/li>\n\n\n\n<li>Probabilistic Methods in Convexity (J. Prochno, E. Werner)<\/li>\n\n\n\n<li>Set Theory (V. Fischer, S. M\u00fcller)<\/li>\n\n\n\n<li>Continuous Optimization Methods (R. Bot, C. Clason)<\/li>\n\n\n\n<li>Diophantine analysis and equidistribution (C. Aistleitner, J. Thuswaldner)<\/li>\n\n\n\n<li>Algebra, Geometry &amp; Physics (M. Kalck)<\/li>\n\n\n\n<li>Mathematical modelling for biomedicine (F. Caforio, E. Karabelas)<\/li>\n\n\n\n<li>PDE and Mathematical Biology (K. Fellner, C. Soresina, B.Q.&nbsp;T\u0103ng)<\/li>\n\n\n\n<li>Theory and numerics of evolution equations (B. Kaltenbacher, M. Thalhammer)<\/li>\n\n\n\n<li>Open-source software for discrete mathematics (B. Hackl)<\/li>\n<\/ul>\n\n\n\n<h2 class=\"wp-block-heading\">Program Committee<\/h2>\n\n\n\n<ul>\n<li>Christoph Aistleitner (TU Graz) <\/li>\n\n\n\n<li>Jussi Behrndt (TU Graz)<\/li>\n\n\n\n<li>Christian Clason (KFU Graz) <\/li>\n\n\n\n<li>Gundolf Haase (KFU Graz) <\/li>\n\n\n\n<li>Mihyun Kang (TU Graz) <\/li>\n\n\n\n<li>Gunther Leobacher (KFU Graz) <\/li>\n\n\n\n<li>Monika Ludwig (TU Wien)<\/li>\n\n\n\n<li>Karl Kunisch (KFU Graz) <\/li>\n\n\n\n<li>Johannes Wallner (TU Graz)<\/li>\n<\/ul>\n\n\n\n<h2 class=\"wp-block-heading\">Sponsors<\/h2>\n\n\n\n<ul>\n<li>Dean&#8217;s Office of the Faculty of Natural Sciences (Uni Graz)<\/li>\n\n\n\n<li>University of Graz<\/li>\n\n\n\n<li>Dean&#8217;s Office of the Faculty of Mathematics, Physics and Geodesy (TU Graz)<\/li>\n\n\n\n<li>Doctoral program Discrete Mathematics Graz<\/li>\n\n\n\n<li>Mayor&#8217;s office Graz<\/li>\n\n\n\n<li>Graz tourism<\/li>\n\n\n\n<li>Foundation for supporting actuarial Research<\/li>\n<\/ul>\n<\/div>\n<\/div>\n\n\n\n<h2 class=\"wp-block-heading\">Organizers<\/h2>\n\n\n\n<p><strong>Organization<\/strong><br>Gunther Leobacher (KFU Graz)<br>Johannes Wallner (TU Graz)<br><strong>Administration<\/strong><br>Melanie Moser (KFU Graz)<\/p>\n","protected":false},"excerpt":{"rendered":"<p>\u00d6MG Meeting 2023 Graz, September 18-22, 2023 The biennial meeting of the Austrian Mathematical Society will be jointly organized by Karl-Franzens-University (KFU) and Graz University of Technology (TUG) in 2023. The venue of the meeting will be KFU. On Friday 22 September, the \u00d6MG Teachers&#8217; Day will be held as part of the conference.&nbsp; Plenary [&hellip;]<\/p>\n","protected":false},"author":1,"featured_media":0,"parent":0,"menu_order":0,"comment_status":"closed","ping_status":"closed","template":"","meta":{"footnotes":""},"jetpack_sharing_enabled":true,"jetpack-related-posts":[{"id":322,"url":"https:\/\/oemg-tagung-2023.at\/programm","url_meta":{"origin":7,"position":0},"title":"Program","author":"oemg-admin","date":"15. February 2023","format":false,"excerpt":"Scientific program MondayTuesdayWednesdayThursdayFridaySep 18Sep 19Sep 20Sep 21Sep 22RegistrationRegistrationRegistrationRegistrationRegistration9:00-10:00Opening\/SchnassAlbrecherHairerBeiglb\u00f6ckWernerTeachers\u2019 dayCoffeeCoffeeCoffeeCoffeeCoffee10:30-11:30Mini symposia &Contributed talksMini symposia &Contributed talksSauermannMini symposia &Contributed talksMini symposia &Contributed talksMS & contr.talks13:30-14:00\u00d6MG Award ceremony14:00-15:00ScheichlR\u00fclandExcursionSchindler\u00d6MG Award lecturesCoffeeCoffeeCoffeeCoffeeMini symposia &Contributed talksMini symposia &Contributed talksMini symposia &Contributed talks\u00d6MG Award lectures17:00-18:00General assemblyReceptionDinnerPublic lecture A detailed schedule with names is included in the files\u2026","rel":"","context":"Similar post","block_context":{"text":"Similar post","link":""},"img":{"alt_text":"","src":"","width":0,"height":0},"classes":[]},{"id":277,"url":"https:\/\/oemg-tagung-2023.at\/unterkuenfte","url_meta":{"origin":7,"position":1},"title":"Accommodation","author":"oemg-admin","date":"7. February 2023","format":false,"excerpt":"The following hotels have reserved allotments for conference participants: Austria Trend Hotel Graz https:\/\/www.austria-trend.at\/de\/hotels\/europa-graz Grand H\u00f4tel Wiesler https:\/\/grandhotelwiesler.com Hotel Feichtinger https:\/\/www.hotel-feichtinger.at\/cityhotel-graz\/hotel\/ Hotel Mariahilf https:\/\/hotelmariahilf.atBooking with Reference \"Mathematiker September\" Hotel Mercure Graz City https:\/\/all.accor.com\/hotel\/5742\/index.de.shtml Hotel Weitzer https:\/\/hotelweitzer.com Motel One Graz https:\/\/www.motel-one.com\/de\/hotels\/graz\/hotel-graz\/Please use this Form: Abrufformular-MO","rel":"","context":"Similar post","block_context":{"text":"Similar post","link":""},"img":{"alt_text":"","src":"","width":0,"height":0},"classes":[]},{"id":419,"url":"https:\/\/oemg-tagung-2023.at\/venue","url_meta":{"origin":7,"position":2},"title":"Venue","author":"oemg-admin","date":"8. August 2023","format":false,"excerpt":"The conference will take place in the building Anglistik\/Geographie\/Mathematik, Heinrichstra\u00dfe 36, 8010 Graz, at the main campus of the University of Graz, as well as in the neighboring building \"Heizhaus\". A campus map as well as useful information on how to get to the conference venue can be found here.\u2026","rel":"","context":"Similar post","block_context":{"text":"Similar post","link":""},"img":{"alt_text":"","src":"","width":0,"height":0},"classes":[]},{"id":227,"url":"https:\/\/oemg-tagung-2023.at\/registrierung","url_meta":{"origin":7,"position":3},"title":"Registration","author":"oemg-admin","date":"26. January 2023","format":false,"excerpt":"Registration for the \u00d6MG-conference is closed. Conference fees Early\u00a0\u00a0(before 31.05.2023)\u00a0\u00a0Late\u00a0\u00a0(after 01.06.2023)\u00a0\u00a0\u00d6MG\u00a0Member\u20ac 235,00\u20ac 270,00Student, \u00d6MG Member\u00a0\u00a0\u20ac 115,00\u20ac 135,00Regular\u00a0\u20ac 280,00\u20ac 320,00Student\u00a0 \u00a0 \u00a0\u20ac 135,00\u20ac 170,00Accompanying person\u20ac 100,00\u20ac 100,00Teacher\u2019s day\u20ac 0,00\u20ac 0,00","rel":"","context":"Similar post","block_context":{"text":"Similar post","link":""},"img":{"alt_text":"","src":"","width":0,"height":0},"classes":[]}],"_links":{"self":[{"href":"https:\/\/oemg-tagung-2023.at\/wp-json\/wp\/v2\/pages\/7"}],"collection":[{"href":"https:\/\/oemg-tagung-2023.at\/wp-json\/wp\/v2\/pages"}],"about":[{"href":"https:\/\/oemg-tagung-2023.at\/wp-json\/wp\/v2\/types\/page"}],"author":[{"embeddable":true,"href":"https:\/\/oemg-tagung-2023.at\/wp-json\/wp\/v2\/users\/1"}],"replies":[{"embeddable":true,"href":"https:\/\/oemg-tagung-2023.at\/wp-json\/wp\/v2\/comments?post=7"}],"version-history":[{"count":28,"href":"https:\/\/oemg-tagung-2023.at\/wp-json\/wp\/v2\/pages\/7\/revisions"}],"predecessor-version":[{"id":790,"href":"https:\/\/oemg-tagung-2023.at\/wp-json\/wp\/v2\/pages\/7\/revisions\/790"}],"wp:attachment":[{"href":"https:\/\/oemg-tagung-2023.at\/wp-json\/wp\/v2\/media?parent=7"}],"curies":[{"name":"wp","href":"https:\/\/api.w.org\/{rel}","templated":true}]}}